{"id":11,"date":"2016-02-15T10:45:26","date_gmt":"2016-02-15T10:45:26","guid":{"rendered":"http:\/\/vom-haus-tannenwaeldchen.de\/?page_id=11"},"modified":"2025-03-30T19:20:50","modified_gmt":"2025-03-30T19:20:50","slug":"news","status":"publish","type":"page","link":"http:\/\/vom-haus-tannenwaeldchen.de\/?page_id=11","title":{"rendered":"News"},"content":{"rendered":"<h3><em>23.02.2025 ist unser F Wurf gefallen. DDR Linie\u00a0 \u00a0 \u00a0Xelly vom Muldenschl\u00f6sschen hat 7 gesunde und kr\u00e4ftige Welpen zur Welt gebracht. 3 R\u00fcden und 4 H\u00fcndinnen<\/em><\/h3>\n<h3><em>24.12.2024 super sch\u00f6ner Deckakt zwischen Xelly und Xicor von den Schwedenschanzen.\u00a0<\/em><\/h3>\n<h3><em>18.07.2024 Xelly hat 6 Welpen zur Welt gebracht. 2 Welpen haben es leider nicht geschafft.Nun haben wir 3 R\u00fcden und 1 H\u00fcndin die uns ganz sch\u00f6n auf Trapp halten.<\/em><\/h3>\n<h3><em> 14.07.2024 mussten wir unsere geliebte H\u00fcndin Teja vom Burggrafenhain im stolzen Alter von fast 15 Jahren einschl\u00e4fern lassen.<br \/>\nLiebe Teja in den Sternen \u00fcber uns leuchtest du weiter, wachend und treu wie immer\u2026\u2026.<\/em><\/h3>\n<h3><em>17.09.2022 \u00a0 Hurra\u2026Xelly und ich als Team haben in der Ortsgruppe Bleckede die BH erfolgreich bestanden. Nun hei\u00dft es weiter Gas geben.<\/em><\/h3>\n<h3><em>29.4.2022 hat Xelly die Ausdauerpr\u00fcfung erfolgreich absolviert.<br \/>\n<\/em><\/h3>\n<h3><em>Im Dezember 2021 haben wir uns entschieden die wundersch\u00f6ne H\u00fcndin Xelly vom Muldenschl\u00f6\u00dfchen (2 1\/2 Jahre)bei uns als neues Familienmitglied aufzunehmen.Wieder eine neue Herausforderung\u2026<\/em><\/h3>\n<h3><em>Zwischenzeitlich ist nicht viel passiert. Der Hundesport wurde runtergefahren zwecks Corona.<\/em><\/h3>\n<h3><em>Im August 2020 mussten wir uns schweren Herzens von unsere Vicki verabschieden.Sie hat uns viel Freude gebracht.<br \/>\nLiebe Vicki wir werden Dich nie vergessen\u2026<\/em><\/h3>\n<h3><em>26.03.2020 \u00a0Eila vom Mecklenburger Bolz hat heute 9 wundersch\u00f6ne und kr\u00e4ftige Welpen geboren.<br \/>\n7 R\u00fcden , 2 H\u00fcndinnen \u00a0s\/b und d.grau<\/em><\/h3>\n<h5><em style=\"color: #23282d; font-size: 1.4em; font-weight: 600;\">28.03.2020 \u00a0Pr\u00fcfungen ins Wasser gefallen. Schade&#8230;. \u00a0Corona du bist Schuld!!! aber die Gesundheit geht vor&#8230;.\u00a0<\/em><\/h5>\n<h3><em><br \/>\n22.01.2020 \u00a0haben wir Eila eindecken lassen mit dem wundervollen R\u00fcden Jasco von der Fenrisburg.<br \/>\n<\/em><em>Nun hei\u00dft es warten&#8230;<\/em><\/h3>\n<h3><em>06.04.2019 \u00a0Heute haben Cola und ich an der Ausdauerpr\u00fcfung von 20km in der OG Saathorst teilgenommen und bestanden\u00a0<\/em><\/h3>\n<h3><em>24.03.2019 \u00a0schenkte uns Eila wundersch\u00f6ne entz\u00fcckende Wonneproppen.\u00a0<\/em><\/h3>\n<h3>\u00a0 \u00a0 \u00a0 \u00a0 \u00a0 \u00a0 \u00a0 \u00a0 \u00a0 \u00a0 \u00a0 \u00a0 \u00a0 \u00a0 \u00a0\u00a0<em>5 R\u00fcden und 4 H\u00fcndinnen in den \u00a0 \u00a0 \u00a0 \u00a0Farben dunkelgrau und schwarz\/braun<\/em><\/h3>\n<h3>20.01.2019\u00a0<em>wurde Eila vom Deckr\u00fcden Hugo z Jeniku eingedeckt . \u00a0 Nun hei\u00dft es wieder warten\u00a0<\/em><\/h3>\n<h3><em>03.11.2018 \u00a0Herbstpr\u00fcfung in der OG Elbtalaue mit \u00a0Cola vom Haus Tannenw\u00e4ldchen die BH erfolgreich bestanden\u00a0<\/em><\/h3>\n<h3><em>30.06.2018 \u00a0haben heute mit Cola an einer Schau in Wismar teilgenommen. Wir bekamen das Ergebnis \u201eSG\u201c<\/em><\/h3>\n<h3><em>Zu Besuch mit tatkr\u00e4ftiger Unterst\u00fctzung kam Cola Ihr Bruder Clyde mit Frauchen und Herrchen. Wir haben uns riesig gefreut.\u00a0<\/em><\/h3>\n<h3><em>04.05.2018 \u00a0sind mit unserer j\u00fcngsten Cola zum R\u00f6ntgen HD\/ED gefahren. Wir waren nat\u00fcrlich happy \u00fcber das positive Ergebnis. Mit unserer guten Laune haben wir mit Cola eine H\u00fcndin aus dem B Wurf ( Barnet)besucht. Wir hatten gemeinsam eine sch\u00f6ne Zeit.\u00a0<\/em><\/h3>\n<h3>\u00a0<em>08.04.2018 \u00a0Unsere Angie hat heute ihre IPO1 in Bad Bodenteich erfolgreich bestanden.\u00a0<\/em><\/h3>\n<h3><em>Schade&#8230;.Eila hat nicht aufgenommen. Wir hatten uns es so sehr gew\u00fcnscht. Irgendwann auf ein neues&#8230;<\/em><\/h3>\n<h3><em>21.08.2017 \u00a0Eila belegen lassen mit dem R\u00fcden \u00a0 \u00a0 \u00a0 \u00a0&#8222;Asmus vom Jacobiner Schloss &#8220; \u00a0 \u00a0 \u00a0 \u00a0Nun hei\u00dft es warteeeennnn<\/em><\/h3>\n<h3><em>19.08.2017 \u00a0Eila wurde auf Lebenszeit angek\u00f6rt<\/em><\/h3>\n<h3><em>06.05.2017 \u00a0Eila hat zum ersten Mal an der FCI Qualifikation in der Landesgruppe Mecklenburg Vorpommern &#8222;Bobitz &#8220; teilgenommen <\/em><\/h3>\n<h3><em>26.03.2017 \u00a0Eila hat ihre dritte IPO 3 mit sehr gut bestanden\u00a0<\/em><\/h3>\n<h3>05.11.2016<em> \u00a0Heute brachte unsere Teja <\/em><\/h3>\n<h2><em>\u00a0 \u00a0 \u00a0 \u00a0 \u00a0 \u00a0 \u00a0 \u00a0 \u00a0 \u00a0 \u00a0 \u00a0 \u00a0 \u00a0 2 R\u00fcden , 2 H\u00fcndinnen dunkel graue Welpen zur <\/em><\/h2>\n<h2><em>\u00a0 \u00a0 \u00a0 \u00a0 \u00a0 \u00a0 \u00a0 \u00a0 \u00a0 \u00a0 \u00a0 \u00a0 \u00a0 \u00a0 Welt. Mutter und Welpen sind wohlauf.<\/em><\/h2>\n<h2><em>30.10.2016 \u00a0Angie hat die Begleid Hundepr\u00fcfung in der OG Elbtalaue \u00a0 \u00a0\u00a0<\/em><\/h2>\n<h2>\u00a0 \u00a0 \u00a0 \u00a0 \u00a0 \u00a0 \u00a0 \u00a0 \u00a0 \u00a0 \u00a0 \u00a0 \u00a0 \u00a0 <em>erfolgreich bestanden. Hurra!!!<\/em><\/h2>\n<h2><em>22.10.2016 \u00a0Angie ihre erste Zuchtschau Bewertung in der JHKL<\/em><\/h2>\n<h2><em>\u00a0 \u00a0 \u00a0 \u00a0 \u00a0 \u00a0 \u00a0 \u00a0 \u00a0 \u00a0 \u00a0 \u00a0 \u00a0 \u00a0 Ergebnis- gut \u00a0 \u00a0 \u00a0 \u00a0 \u00a0 \u00a0 \u00a0 \u00a0 \u00a0 \u00a0 \u00a0 \u00a0 \u00a0 \u00a0 <\/em><\/h2>\n<h2><em>30.09.2016 \u00a0 Angie hat ihre erste Pr\u00fcfung (Ausdauer)mit Bravour \u00a0 \u00a0<\/em><\/h2>\n<h2><em>\u00a0 \u00a0 \u00a0 \u00a0 \u00a0 \u00a0 \u00a0 \u00a0 \u00a0 \u00a0 \u00a0 \u00a0 \u00a0 \u00a0 \u00a0bestanden \u00a0 \u00a0<\/em><\/h2>\n<h2><em>06.09.2016 \u00a0 Eila belegen lassen mit dem R\u00fcden<\/em><\/h2>\n<h2><em>\u00a0 \u00a0 \u00a0 \u00a0 \u00a0 \u00a0 \u00a0 \u00a0 \u00a0 \u00a0 \u00a0 \u00a0 \u00a0 \u00a0 \u00a0&#8222;Bandit vom Lengener Meer&#8220;<\/em><\/h2>\n<h2><em>\u00a0 \u00a0 \u00a0 \u00a0 \u00a0 \u00a0 \u00a0 \u00a0 \u00a0 \u00a0 \u00a0 \u00a0 \u00a0 \u00a0 \u00a0 Sie ist zur Zuchtmiete im Zwinger vom Mecklenburger Bolz <\/em><\/h2>\n<h2><em>02.09.2016 \u00a0 \u00a0 Teja belegen lassen mit dem R\u00fcden\u00a0<\/em><\/h2>\n<h3>\u00a0 \u00a0 \u00a0 \u00a0 \u00a0 \u00a0 \u00a0 \u00a0 \u00a0 \u00a0 \u00a0 \u00a0 \u00a0 \u00a0 \u00a0 \u00a0 \u00a0 \u00a0&#8222;<strong><em>Jasco von der Fenrisburg&#8220;<\/em><\/strong><\/h3>\n<h2><em>25.06.2016 \u00a0Erfolgreich bestandene Wiederank\u00f6rung auf Lebenszeit mit<\/em><\/h2>\n<h2><em>\u00a0 \u00a0 \u00a0 \u00a0 \u00a0 \u00a0 \u00a0 \u00a0 \u00a0 \u00a0 \u00a0 \u00a0 \u00a0 \u00a0 \u00a0Teja \u00a0 \u00a0 \u00a0 \u00a0<\/em><\/h2>\n<h2><em>14.05.2016 \u00a0 \u00a0 \u00a0Habe heute vom SV f\u00fcr Angie vom Haus Tannenw\u00e4ldchen\u00a0<\/em><\/h2>\n<h2><em> \u00a0 \u00a0 \u00a0 \u00a0 \u00a0 \u00a0 \u00a0 \u00a0 \u00a0 \u00a0 \u00a0 \u00a0 \u00a0 \u00a0 \u00a0 \u00a0 \u00a0das R\u00f6ntgenergebnis bekommen\u00a0<\/em><\/h2>\n<h2><em> \u00a0 \u00a0 \u00a0 \u00a0 \u00a0 \u00a0 \u00a0 \u00a0 \u00a0 \u00a0 \u00a0 \u00a0 \u00a0 \u00a0 \u00a0 \u00a0 \u00a0HD &#8211; fast normal und ED normal<\/em><\/h2>\n<h2 id=\"Ebene1\"><em>10.04.2016 \u00a0 \u00a0 \u00a0 \u00a0Teja&#8217;s Welpen haben das Tageslicht erblickt.<\/em><\/h2>\n<h2>\u00a0 \u00a0 \u00a0 \u00a0 \u00a0 \u00a0 \u00a0 \u00a0 \u00a0 \u00a0 \u00a0 \u00a0 \u00a0 \u00a0 \u00a0 \u00a0 \u00a0 \u00a0<em>1 R\u00fcde , 6 H\u00fcndinnen in den Farben dunkelgrau, <\/em><\/h2>\n<h2>\u00a0 \u00a0 \u00a0 \u00a0 \u00a0 \u00a0 \u00a0 \u00a0 \u00a0 \u00a0 \u00a0 \u00a0 \u00a0 \u00a0 \u00a0 \u00a0 \u00a0 \u00a0<em>schwarz-braun und schwarz<\/em><\/h2>\n<h2><em>09.04.2016 \u00a0 \u00a0 \u00a0 \u00a0 Eila hat ihre zweite IPO 3 mit sehr gut bestanden\u00a0<\/em><\/h2>\n<h2><em>29.01.2016 \u00a0 \u00a0 \u00a0 \u00a0Teja belegen lassen mit R\u00fcden Cliff vom Langgarten\u00a0<\/em><\/h2>\n<h2><em>07.02.2016<\/em><\/h2>\n<h2><em>22.10.2015 \u00a0 \u00a0 \u00a0 \u00a0Eila&#8217;s Welpen haben das Tageslicht erblickt.<\/em><\/h2>\n<h2>\u00a0 \u00a0 \u00a0 \u00a0 \u00a0 \u00a0 \u00a0 \u00a0 \u00a0 \u00a0 \u00a0 \u00a0 \u00a0 \u00a0 \u00a0 \u00a0 \u00a0 <em>2 R\u00fcden, 5 H\u00fcndinnen in den Farben schwarz-braun<\/em><\/h2>\n<h2>\u00a0 \u00a0 \u00a0 \u00a0 \u00a0 \u00a0 \u00a0 \u00a0 \u00a0 \u00a0 \u00a0 \u00a0 \u00a0 \u00a0 \u00a0 \u00a0 \u00a0 <em>Sie ist zur Zuchtmiete im Zwinger vom Mecklenburger<\/em><\/h2>\n<h2>\u00a0 \u00a0 \u00a0 \u00a0 \u00a0 \u00a0 \u00a0 \u00a0 \u00a0 \u00a0 \u00a0 \u00a0 \u00a0 \u00a0 \u00a0 \u00a0 \u00a0\u00a0<em>Bolz<\/em><\/h2>\n<h2>16<em>.05.2015 \u00a0 \u00a0 \u00a0 Eila IPO 3 mit gut bestanden\u00a0<\/em><\/h2>\n<h2><em>25.04.2015 \u00a0 \u00a0 \u00a0 Heute wurde Eila angek\u00f6rt f\u00fcr 2016\/2017<\/em><\/h2>\n<h2><em>12.04.2015 \u00a0 \u00a0 \u00a0 Eila zur Schau-Ergebnis: Sehr Gut<\/em><\/h2>\n<h2><em>14.03.2015 \u00a0 \u00a0 \u00a0 Eila hat ihre IPO 2 bestanden<\/em><\/h2>\n<h2><em>22.01.2015 \u00a0 \u00a0 \u00a0 Tejaringo&#8217;s Welpen haben das Tageslicht erblickt<\/em><\/h2>\n<h2><em> \u00a0 \u00a0 \u00a0 \u00a0 \u00a0 \u00a0 \u00a0 \u00a0 \u00a0 \u00a0 \u00a0 \u00a0 \u00a0 \u00a0 \u00a0 \u00a0 4 R\u00fcden und 3 H\u00fcndinnen in den Farben\u00a0<\/em><\/h2>\n<h2><em> \u00a0 \u00a0 \u00a0 \u00a0 \u00a0 \u00a0 \u00a0 \u00a0 \u00a0 \u00a0 \u00a0 \u00a0 \u00a0 \u00a0 \u00a0 \u00a0 dunkelgrau und schwarz<\/em><\/h2>\n<h2><em>26.11.2014 \u00a0 \u00a0 \u00a0Teja belegen lassen mit Gringo Bady Ron<\/em><\/h2>\n<h2><em>08.11.2014 \u00a0 \u00a0 \u00a0Eila IPO 1 bestanden<\/em><\/h2>\n<h2><em>08.11.2014 \u00a0 \u00a0 \u00a0Vicki IPO 3 bestanden<\/em><\/h2>\n<h2><em>19.05.2014 \u00a0 \u00a0 \u00a0Teja wurde in KKL 1 angek\u00f6rt f\u00fcr 2015\/2016<\/em><\/h2>\n<h2><\/h2>\n<h2><\/h2>\n<h2><\/h2>\n<div id=\"Ebene2\">\n<h5><em><span style=\"font-size: x-large;\">\u00a0<\/span><\/em><\/h5>\n<h5><em><span style=\"font-size: x-large;\">\u00a0<\/span><\/em><\/h5>\n<h5><em><span style=\"font-size: x-large;\">\u00a0<\/span><\/em><\/h5>\n<h5><em><span style=\"font-size: x-large;\">\u00a0<\/span><\/em><\/h5>\n<h5><em><span style=\"font-size: x-large;\">\u00a0<\/span><\/em><\/h5>\n<h5><em><span style=\"font-size: x-large;\">\u00a0<\/span><\/em><\/h5>\n<h5><em><span style=\"font-size: x-large;\">\u00a0<\/span><\/em><\/h5>\n<h5><em><span style=\"font-size: x-large;\">\u00a0<\/span><\/em><\/h5>\n<h5><em><span style=\"font-size: x-large;\">\u00a0<\/span><\/em><\/h5>\n<h5><em><span style=\"font-size: x-large;\">\u00a0 \u00a0 \u00a0\u00a0<span style=\"color: #ffffff;\"> \u00a0 \u00a0 \u00a0 \u00a0 \u00a0 \u00a0 \u00a0 \u00a0 \u00a0 \u00a0 \u00a0 <\/span><\/span><\/em><em><span style=\"font-size: x-large;\"><span style=\"color: #ffffff;\">\u00a0 \u00a0 \u00a0 \u00a0 \u00a0 \u00a0 \u00a0 \u00a0 \u00a0 \u00a0 \u00a0 \u00a0 \u00a0 \u00a0 \u00a0 \u00a0 \u00a0 \u00a0 \u00a0 \u00a0 \u00a0 \u00a0 . \u00a0 \u00a0 \u00a0 <\/span>\u00a0 \u00a0 \u00a0 \u00a0 \u00a0 \u00a0<\/span><\/em><\/h5>\n<h2><i><b>\u00a0<\/b><\/i><\/h2>\n<h2><em>\u00a0<\/em><\/h2>\n<\/div>\n<h2><em>\u00a0<\/em><\/h2>\n<div id=\"Ebene2\">\n<h2><em>\u00a0<\/em><\/h2>\n<\/div>\n","protected":false},"excerpt":{"rendered":"<p>23.02.2025 ist unser F Wurf gefallen. DDR Linie\u00a0 \u00a0 \u00a0Xelly vom Muldenschl\u00f6sschen hat 7 gesunde und kr\u00e4ftige Welpen zur Welt gebracht. 3 R\u00fcden und 4 H\u00fcndinnen 24.12.2024 super sch\u00f6ner Deckakt zwischen Xelly und Xicor von den Schwedenschanzen.\u00a0 18.07.2024 Xelly hat 6 Welpen zur Welt gebracht. 2 Welpen haben es leider nicht geschafft.Nun haben wir 3 &hellip; <a href=\"http:\/\/vom-haus-tannenwaeldchen.de\/?page_id=11\" class=\"more-link\"><span class=\"screen-reader-text\">News<\/span> weiterlesen <span class=\"meta-nav\">&rarr;<\/span><\/a><\/p>\n","protected":false},"author":1,"featured_media":0,"parent":0,"menu_order":0,"comment_status":"closed","ping_status":"closed","template":"","meta":{"footnotes":""},"class_list":["post-11","page","type-page","status-publish","hentry"],"_links":{"self":[{"href":"http:\/\/vom-haus-tannenwaeldchen.de\/index.php?rest_route=\/wp\/v2\/pages\/11","targetHints":{"allow":["GET"]}}],"collection":[{"href":"http:\/\/vom-haus-tannenwaeldchen.de\/index.php?rest_route=\/wp\/v2\/pages"}],"about":[{"href":"http:\/\/vom-haus-tannenwaeldchen.de\/index.php?rest_route=\/wp\/v2\/types\/page"}],"author":[{"embeddable":true,"href":"http:\/\/vom-haus-tannenwaeldchen.de\/index.php?rest_route=\/wp\/v2\/users\/1"}],"replies":[{"embeddable":true,"href":"http:\/\/vom-haus-tannenwaeldchen.de\/index.php?rest_route=%2Fwp%2Fv2%2Fcomments&post=11"}],"version-history":[{"count":30,"href":"http:\/\/vom-haus-tannenwaeldchen.de\/index.php?rest_route=\/wp\/v2\/pages\/11\/revisions"}],"predecessor-version":[{"id":1512,"href":"http:\/\/vom-haus-tannenwaeldchen.de\/index.php?rest_route=\/wp\/v2\/pages\/11\/revisions\/1512"}],"wp:attachment":[{"href":"http:\/\/vom-haus-tannenwaeldchen.de\/index.php?rest_route=%2Fwp%2Fv2%2Fmedia&parent=11"}],"curies":[{"name":"wp","href":"https:\/\/api.w.org\/{rel}","templated":true}]}}